{"id":875,"date":"2020-02-28T07:21:31","date_gmt":"2020-02-28T06:21:31","guid":{"rendered":"http:\/\/migrationplus.ch\/page-de-copyright\/"},"modified":"2021-03-25T19:19:16","modified_gmt":"2021-03-25T18:19:16","slug":"page-de-copyright","status":"publish","type":"page","link":"https:\/\/migrationplus.ch\/fr\/page-de-copyright\/","title":{"rendered":"Page de copyright"},"content":{"rendered":"<div class=\"fusion-fullwidth fullwidth-box fusion-builder-row-1 fusion-flex-container nonhundred-percent-fullwidth non-hundred-percent-height-scrolling\" style=\"--awb-border-radius-top-left:0px;--awb-border-radius-top-right:0px;--awb-border-radius-bottom-right:0px;--awb-border-radius-bottom-left:0px;--awb-flex-wrap:wrap;\" ><div class=\"fusion-builder-row fusion-row fusion-flex-align-items-flex-start fusion-flex-content-wrap\" style=\"max-width:calc( 1100px + 0px );margin-left: calc(-0px \/ 2 );margin-right: calc(-0px \/ 2 );\"><div class=\"fusion-layout-column fusion_builder_column fusion-builder-column-0 fusion_builder_column_1_1 1_1 fusion-flex-column\" style=\"--awb-bg-size:cover;--awb-width-large:100%;--awb-margin-top-large:0px;--awb-spacing-right-large:0px;--awb-margin-bottom-large:0px;--awb-spacing-left-large:0px;--awb-width-medium:100%;--awb-spacing-right-medium:0px;--awb-spacing-left-medium:0px;--awb-width-small:100%;--awb-spacing-right-small:0px;--awb-spacing-left-small:0px;\"><div class=\"fusion-column-wrapper fusion-flex-justify-content-flex-start fusion-content-layout-column\"><div class=\"fusion-text fusion-text-1\"><h1>Page de Copyright<\/h1>\n<h2>Responsable du contenu<\/h2>\n<p>Fachverband f\u00fcr professionelle Arbeit, Migration und Integration<br \/>\nMigrationplus<br \/>\nPostfach 1<br \/>\n2501 Biel-Bienne<\/p>\n<p>E-Mail: info@migrationplus.ch<br \/>\nWebsite: migrationplus.ch<\/p>\n<h2>Responsabilit\u00e9 du contenu<\/h2>\n<p>Nous nous effor\u00e7ons de maintenir le contenu de notre site \u00e0 jour. Malgr\u00e9 un traitement minutieux, toute responsabilit\u00e9 est exclue. En tant que prestataire de services, nous ne sommes pas tenus de surveiller les informations externes transmises ou stock\u00e9es. Si nous avons connaissance d&rsquo;une infraction, nous retirerons imm\u00e9diatement ces contenus. Nous n&rsquo;assumons la responsabilit\u00e9 \u00e0 cet \u00e9gard qu&rsquo;\u00e0 partir du moment o\u00f9 nous avons connaissance d&rsquo;une \u00e9ventuelle infraction.<\/p>\n<h2>Responsabilit\u00e9 des liens<\/h2>\n<p>Notre offre contient des liens vers des sites web externes de tiers, sur le contenu desquels nous n&rsquo;avons aucune influence. Le fournisseur ou l&rsquo;exploitant respectif des sites est toujours responsable du contenu des sites li\u00e9s. Nous n&rsquo;assumons aucune responsabilit\u00e9 quant au contenu et \u00e0 l&rsquo;exactitude des informations figurant sur les sites web li\u00e9s de fournisseurs d&rsquo;informations tiers. Les sites li\u00e9s ont \u00e9t\u00e9 v\u00e9rifi\u00e9s au moment de l&rsquo;\u00e9tablissement du lien afin de d\u00e9tecter d&rsquo;\u00e9ventuelles violations de la loi. Si nous avons connaissance d&rsquo;infractions, nous supprimerons imm\u00e9diatement ces liens.<\/p>\n<\/div><\/div><\/div><\/div><\/div>\n","protected":false},"excerpt":{"rendered":"","protected":false},"author":1,"featured_media":0,"parent":0,"menu_order":13,"comment_status":"closed","ping_status":"closed","template":"","meta":{"footnotes":""},"class_list":["post-875","page","type-page","status-publish","hentry"],"_links":{"self":[{"href":"https:\/\/migrationplus.ch\/fr\/wp-json\/wp\/v2\/pages\/875","targetHints":{"allow":["GET"]}}],"collection":[{"href":"https:\/\/migrationplus.ch\/fr\/wp-json\/wp\/v2\/pages"}],"about":[{"href":"https:\/\/migrationplus.ch\/fr\/wp-json\/wp\/v2\/types\/page"}],"author":[{"embeddable":true,"href":"https:\/\/migrationplus.ch\/fr\/wp-json\/wp\/v2\/users\/1"}],"replies":[{"embeddable":true,"href":"https:\/\/migrationplus.ch\/fr\/wp-json\/wp\/v2\/comments?post=875"}],"version-history":[{"count":0,"href":"https:\/\/migrationplus.ch\/fr\/wp-json\/wp\/v2\/pages\/875\/revisions"}],"wp:attachment":[{"href":"https:\/\/migrationplus.ch\/fr\/wp-json\/wp\/v2\/media?parent=875"}],"curies":[{"name":"wp","href":"https:\/\/api.w.org\/{rel}","templated":true}]}}

<div class="fusion-fullwidth fullwidth-box fusion-builder-row-1 fusion-flex-container nonhundred-percent-fullwidth non-hundred-percent-height-scrolling" style="--awb-border-radius-top-left:0px;--awb-border-radius-top-right:0px;--awb-border-radius-bottom-right:0px;--awb-border-radius-bottom-left:0px;--awb-flex-wrap:wrap;" ><div class="fusion-builder-row fusion-row fusion-flex-align-items-flex-start fusion-flex-content-wrap" style="max-width:calc( 1100px + 0px );margin-left: calc(-0px / 2 );margin-right: calc(-0px / 2 );"><div class="fusion-layout-column fusion_builder_column fusion-builder-column-0 fusion_builder_column_1_1 1_1 fusion-flex-column" style="--awb-bg-size:cover;--awb-width-large:100%;--awb-margin-top-large:0px;--awb-spacing-right-large:0px;--awb-margin-bottom-large:0px;--awb-spacing-left-large:0px;--awb-width-medium:100%;--awb-spacing-right-medium:0px;--awb-spacing-left-medium:0px;--awb-width-small:100%;--awb-spacing-right-small:0px;--awb-spacing-left-small:0px;"><div class="fusion-column-wrapper fusion-flex-justify-content-flex-start fusion-content-layout-column"><div class="fusion-text fusion-text-1"><h1>Page de Copyright</h1>
<h2>Responsable du contenu</h2>
<p>Fachverband für professionelle Arbeit, Migration und Integration<br />
Migrationplus<br />
Postfach 1<br />
2501 Biel-Bienne</p>
<p>E-Mail: info@migrationplus.ch<br />
Website: migrationplus.ch</p>
<h2>Responsabilité du contenu</h2>
<p>Nous nous efforçons de maintenir le contenu de notre site à jour. Malgré un traitement minutieux, toute responsabilité est exclue. En tant que prestataire de services, nous ne sommes pas tenus de surveiller les informations externes transmises ou stockées. Si nous avons connaissance d&rsquo;une infraction, nous retirerons immédiatement ces contenus. Nous n&rsquo;assumons la responsabilité à cet égard qu&rsquo;à partir du moment où nous avons connaissance d&rsquo;une éventuelle infraction.</p>
<h2>Responsabilité des liens</h2>
<p>Notre offre contient des liens vers des sites web externes de tiers, sur le contenu desquels nous n&rsquo;avons aucune influence. Le fournisseur ou l&rsquo;exploitant respectif des sites est toujours responsable du contenu des sites liés. Nous n&rsquo;assumons aucune responsabilité quant au contenu et à l&rsquo;exactitude des informations figurant sur les sites web liés de fournisseurs d&rsquo;informations tiers. Les sites liés ont été vérifiés au moment de l&rsquo;établissement du lien afin de détecter d&rsquo;éventuelles violations de la loi. Si nous avons connaissance d&rsquo;infractions, nous supprimerons immédiatement ces liens.</p>
</div></div></div></div></div>
